{"id":1785,"date":"2024-07-21T23:37:57","date_gmt":"2024-07-21T21:37:57","guid":{"rendered":"https:\/\/cotxesegonama.com\/?post_type=product&#038;p=1785"},"modified":"2024-07-21T23:44:36","modified_gmt":"2024-07-21T21:44:36","slug":"subaru-impreza","status":"publish","type":"product","link":"https:\/\/cotxesegonama.com\/index.php\/producto\/subaru-impreza\/","title":{"rendered":"Subaru Impreza 2000"},"content":{"rendered":"<p>Subaru Impreza. 2.0 turbo any 2000<br \/>\nMolt ben cuidat.<br \/>\nRevisions al dia, sempre ha dormit en garatge.<br \/>\nVenta exclusiva al Principat d&#8217;Andorra.<\/p>\n<p><img loading=\"lazy\" decoding=\"async\" class=\"alignnone size-medium wp-image-1320\" src=\"https:\/\/cotxesegonama.com\/wp-content\/uploads\/2023\/05\/icon_tipus_1.gif\" alt=\"\" width=\"44\" height=\"34\" \/> 4&#215;4<\/p>\n<p><img loading=\"lazy\" decoding=\"async\" class=\"alignnone size-medium wp-image-1319\" src=\"https:\/\/cotxesegonama.com\/wp-content\/uploads\/2023\/05\/icon_tipus_2.gif\" alt=\"\" width=\"44\" height=\"34\" \/>5<\/p>\n<p><img loading=\"lazy\" decoding=\"async\" class=\"alignnone size-medium wp-image-1318\" src=\"https:\/\/cotxesegonama.com\/wp-content\/uploads\/2023\/05\/icon_tipus_3.gif\" alt=\"\" width=\"44\" height=\"34\" \/>4<\/p>\n<p><img loading=\"lazy\" decoding=\"async\" class=\"alignnone size-medium wp-image-1323\" src=\"https:\/\/cotxesegonama.com\/wp-content\/uploads\/2023\/05\/icon_tipus_7.gif\" alt=\"\" width=\"44\" height=\"34\" \/>Gasolina<\/p>\n<p><img loading=\"lazy\" decoding=\"async\" class=\"alignnone size-full wp-image-1315\" src=\"https:\/\/cotxesegonama.com\/wp-content\/uploads\/2023\/05\/icon_tipus_6.gif\" alt=\"\" width=\"44\" height=\"34\" \/>Manual<\/p>\n<p><img loading=\"lazy\" decoding=\"async\" class=\"alignnone size-full wp-image-1322\" src=\"https:\/\/cotxesegonama.com\/wp-content\/uploads\/2023\/05\/icon_tipus_8.gif\" alt=\"\" width=\"44\" height=\"34\" \/>218\u00a0cv<\/p>\n<p>Marca: Subaru | Modelo: Subaru Impreza. 2.0 turbo | A\u00f1o: 2000 | Kil\u00f3metros: 86.200<\/p>\n<h2><strong>Contacto:\u00a0<\/strong><\/h2>\n<p><a href=\"mailto:info@cotxesegonama.com?subject=Interesado%20en%20un%20coche\"><img loading=\"lazy\" decoding=\"async\" class=\" wp-image-1329 alignleft\" src=\"https:\/\/cotxesegonama.com\/wp-content\/uploads\/2023\/05\/contacte_2.gif\" alt=\"\" width=\"84\" height=\"69\" \/><\/a> <a href=\"https:\/\/wa.me\/376669002\"><img loading=\"lazy\" decoding=\"async\" class=\" wp-image-1330 alignleft\" src=\"https:\/\/cotxesegonama.com\/wp-content\/uploads\/2023\/05\/whatsapp_logo.gif\" alt=\"\" width=\"199\" height=\"65\" \/><\/a><\/p>\n<p>&nbsp;<\/p>\n<p>&nbsp;<\/p>\n<p>Si est\u00e1s interesado env\u00edame un WhatsApp o un correo electr\u00f3nico. Resulevo todas tus dudas o consultas.<\/p>\n","protected":false},"excerpt":{"rendered":"<p>Subaru Impreza. 2.0 turbo any 2000<\/p>\n<h2><\/h2>\n","protected":false},"featured_media":1787,"template":"","meta":{"site-sidebar-layout":"default","site-content-layout":"default","ast-global-header-display":"","ast-banner-title-visibility":"","ast-main-header-display":"","ast-hfb-above-header-display":"","ast-hfb-below-header-display":"","ast-hfb-mobile-header-display":"","site-post-title":"","ast-breadcrumbs-content":"","ast-featured-img":"","footer-sml-layout":"","theme-transparent-header-meta":"default","adv-header-id-meta":"","stick-header-meta":"","header-above-stick-meta":"","header-main-stick-meta":"","header-below-stick-meta":""},"product_cat":[50],"product_tag":[64],"class_list":["post-1785","product","type-product","status-publish","has-post-thumbnail","hentry","product_cat-coches-de-ocasion","product_tag-volkswagen-polo-2011","desktop-align-left","tablet-align-left","mobile-align-left","ast-product-gallery-layout-horizontal-slider","ast-product-tabs-layout-horizontal","ast-qv-on-image"],"yoast_head":"<!-- This site is optimized with the Yoast SEO plugin v25.3.1 - https:\/\/yoast.com\/wordpress\/plugins\/seo\/ -->\n<title>Subaru Impreza 2000 - Cotxesegonama.com<\/title>\n<meta name=\"description\" content=\"Subaru Impreza. 2.0 turbo Molt ben cuidat.Revisions al dia, sempre ha dormit en garatge.Venta exclusiva al Principat d&#039;Andorra.\" \/>\n<meta name=\"robots\" content=\"index, follow, max-snippet:-1, max-image-preview:large, max-video-preview:-1\" \/>\n<link rel=\"canonical\" href=\"https:\/\/cotxesegonama.com\/index.php\/producto\/subaru-impreza\/\" \/>\n<meta property=\"og:locale\" content=\"es_ES\" \/>\n<meta property=\"og:type\" content=\"article\" \/>\n<meta property=\"og:title\" content=\"Subaru Impreza 2000 - Cotxesegonama.com\" \/>\n<meta property=\"og:description\" content=\"Subaru Impreza. 2.0 turbo Molt ben cuidat.Revisions al dia, sempre ha dormit en garatge.Venta exclusiva al Principat d&#039;Andorra.\" \/>\n<meta property=\"og:url\" content=\"https:\/\/cotxesegonama.com\/index.php\/producto\/subaru-impreza\/\" \/>\n<meta property=\"og:site_name\" content=\"Cotxesegonama.com\" \/>\n<meta property=\"article:modified_time\" content=\"2024-07-21T21:44:36+00:00\" \/>\n<meta property=\"og:image\" content=\"https:\/\/cotxesegonama.com\/wp-content\/uploads\/2024\/07\/i4999469598.jpg.webp\" \/>\n\t<meta property=\"og:image:width\" content=\"640\" \/>\n\t<meta property=\"og:image:height\" content=\"480\" \/>\n\t<meta property=\"og:image:type\" content=\"image\/webp\" \/>\n<meta name=\"twitter:card\" content=\"summary_large_image\" \/>\n<meta name=\"twitter:label1\" content=\"Tiempo de lectura\" \/>\n\t<meta name=\"twitter:data1\" content=\"3 minutos\" \/>\n<script type=\"application\/ld+json\" class=\"yoast-schema-graph\">{\"@context\":\"https:\/\/schema.org\",\"@graph\":[{\"@type\":\"WebPage\",\"@id\":\"https:\/\/cotxesegonama.com\/index.php\/producto\/subaru-impreza\/\",\"url\":\"https:\/\/cotxesegonama.com\/index.php\/producto\/subaru-impreza\/\",\"name\":\"Subaru Impreza 2000 - Cotxesegonama.com\",\"isPartOf\":{\"@id\":\"https:\/\/cotxesegonama.com\/#website\"},\"primaryImageOfPage\":{\"@id\":\"https:\/\/cotxesegonama.com\/index.php\/producto\/subaru-impreza\/#primaryimage\"},\"image\":{\"@id\":\"https:\/\/cotxesegonama.com\/index.php\/producto\/subaru-impreza\/#primaryimage\"},\"thumbnailUrl\":\"https:\/\/cotxesegonama.com\/wp-content\/uploads\/2024\/07\/i4999469598.jpg.webp\",\"datePublished\":\"2024-07-21T21:37:57+00:00\",\"dateModified\":\"2024-07-21T21:44:36+00:00\",\"description\":\"Subaru Impreza. 2.0 turbo Molt ben cuidat.Revisions al dia, sempre ha dormit en garatge.Venta exclusiva al Principat d'Andorra.\",\"breadcrumb\":{\"@id\":\"https:\/\/cotxesegonama.com\/index.php\/producto\/subaru-impreza\/#breadcrumb\"},\"inLanguage\":\"es\",\"potentialAction\":[{\"@type\":\"ReadAction\",\"target\":[\"https:\/\/cotxesegonama.com\/index.php\/producto\/subaru-impreza\/\"]}]},{\"@type\":\"ImageObject\",\"inLanguage\":\"es\",\"@id\":\"https:\/\/cotxesegonama.com\/index.php\/producto\/subaru-impreza\/#primaryimage\",\"url\":\"https:\/\/cotxesegonama.com\/wp-content\/uploads\/2024\/07\/i4999469598.jpg.webp\",\"contentUrl\":\"https:\/\/cotxesegonama.com\/wp-content\/uploads\/2024\/07\/i4999469598.jpg.webp\",\"width\":640,\"height\":480,\"caption\":\"Subaru Impreza. 2.0 turbo\"},{\"@type\":\"BreadcrumbList\",\"@id\":\"https:\/\/cotxesegonama.com\/index.php\/producto\/subaru-impreza\/#breadcrumb\",\"itemListElement\":[{\"@type\":\"ListItem\",\"position\":1,\"name\":\"Portada\",\"item\":\"https:\/\/cotxesegonama.com\/\"},{\"@type\":\"ListItem\",\"position\":2,\"name\":\"Cat\u00e1logo\",\"item\":\"https:\/\/cotxesegonama.com\/\"},{\"@type\":\"ListItem\",\"position\":3,\"name\":\"Subaru Impreza 2000\"}]},{\"@type\":\"WebSite\",\"@id\":\"https:\/\/cotxesegonama.com\/#website\",\"url\":\"https:\/\/cotxesegonama.com\/\",\"name\":\"Cotxesegonama.com\",\"description\":\"Cotxesegonama.com by XO Autom\u00f2bils\",\"potentialAction\":[{\"@type\":\"SearchAction\",\"target\":{\"@type\":\"EntryPoint\",\"urlTemplate\":\"https:\/\/cotxesegonama.com\/?s={search_term_string}\"},\"query-input\":{\"@type\":\"PropertyValueSpecification\",\"valueRequired\":true,\"valueName\":\"search_term_string\"}}],\"inLanguage\":\"es\"}]}<\/script>\n<!-- \/ Yoast SEO plugin. -->","yoast_head_json":{"title":"Subaru Impreza 2000 - Cotxesegonama.com","description":"Subaru Impreza. 2.0 turbo Molt ben cuidat.Revisions al dia, sempre ha dormit en garatge.Venta exclusiva al Principat d'Andorra.","robots":{"index":"index","follow":"follow","max-snippet":"max-snippet:-1","max-image-preview":"max-image-preview:large","max-video-preview":"max-video-preview:-1"},"canonical":"https:\/\/cotxesegonama.com\/index.php\/producto\/subaru-impreza\/","og_locale":"es_ES","og_type":"article","og_title":"Subaru Impreza 2000 - Cotxesegonama.com","og_description":"Subaru Impreza. 2.0 turbo Molt ben cuidat.Revisions al dia, sempre ha dormit en garatge.Venta exclusiva al Principat d'Andorra.","og_url":"https:\/\/cotxesegonama.com\/index.php\/producto\/subaru-impreza\/","og_site_name":"Cotxesegonama.com","article_modified_time":"2024-07-21T21:44:36+00:00","og_image":[{"width":640,"height":480,"url":"https:\/\/cotxesegonama.com\/wp-content\/uploads\/2024\/07\/i4999469598.jpg.webp","type":"image\/webp"}],"twitter_card":"summary_large_image","twitter_misc":{"Tiempo de lectura":"3 minutos"},"schema":{"@context":"https:\/\/schema.org","@graph":[{"@type":"WebPage","@id":"https:\/\/cotxesegonama.com\/index.php\/producto\/subaru-impreza\/","url":"https:\/\/cotxesegonama.com\/index.php\/producto\/subaru-impreza\/","name":"Subaru Impreza 2000 - Cotxesegonama.com","isPartOf":{"@id":"https:\/\/cotxesegonama.com\/#website"},"primaryImageOfPage":{"@id":"https:\/\/cotxesegonama.com\/index.php\/producto\/subaru-impreza\/#primaryimage"},"image":{"@id":"https:\/\/cotxesegonama.com\/index.php\/producto\/subaru-impreza\/#primaryimage"},"thumbnailUrl":"https:\/\/cotxesegonama.com\/wp-content\/uploads\/2024\/07\/i4999469598.jpg.webp","datePublished":"2024-07-21T21:37:57+00:00","dateModified":"2024-07-21T21:44:36+00:00","description":"Subaru Impreza. 2.0 turbo Molt ben cuidat.Revisions al dia, sempre ha dormit en garatge.Venta exclusiva al Principat d'Andorra.","breadcrumb":{"@id":"https:\/\/cotxesegonama.com\/index.php\/producto\/subaru-impreza\/#breadcrumb"},"inLanguage":"es","potentialAction":[{"@type":"ReadAction","target":["https:\/\/cotxesegonama.com\/index.php\/producto\/subaru-impreza\/"]}]},{"@type":"ImageObject","inLanguage":"es","@id":"https:\/\/cotxesegonama.com\/index.php\/producto\/subaru-impreza\/#primaryimage","url":"https:\/\/cotxesegonama.com\/wp-content\/uploads\/2024\/07\/i4999469598.jpg.webp","contentUrl":"https:\/\/cotxesegonama.com\/wp-content\/uploads\/2024\/07\/i4999469598.jpg.webp","width":640,"height":480,"caption":"Subaru Impreza. 2.0 turbo"},{"@type":"BreadcrumbList","@id":"https:\/\/cotxesegonama.com\/index.php\/producto\/subaru-impreza\/#breadcrumb","itemListElement":[{"@type":"ListItem","position":1,"name":"Portada","item":"https:\/\/cotxesegonama.com\/"},{"@type":"ListItem","position":2,"name":"Cat\u00e1logo","item":"https:\/\/cotxesegonama.com\/"},{"@type":"ListItem","position":3,"name":"Subaru Impreza 2000"}]},{"@type":"WebSite","@id":"https:\/\/cotxesegonama.com\/#website","url":"https:\/\/cotxesegonama.com\/","name":"Cotxesegonama.com","description":"Cotxesegonama.com by XO Autom\u00f2bils","potentialAction":[{"@type":"SearchAction","target":{"@type":"EntryPoint","urlTemplate":"https:\/\/cotxesegonama.com\/?s={search_term_string}"},"query-input":{"@type":"PropertyValueSpecification","valueRequired":true,"valueName":"search_term_string"}}],"inLanguage":"es"}]}},"_links":{"self":[{"href":"https:\/\/cotxesegonama.com\/index.php\/wp-json\/wp\/v2\/product\/1785","targetHints":{"allow":["GET"]}}],"collection":[{"href":"https:\/\/cotxesegonama.com\/index.php\/wp-json\/wp\/v2\/product"}],"about":[{"href":"https:\/\/cotxesegonama.com\/index.php\/wp-json\/wp\/v2\/types\/product"}],"version-history":[{"count":1,"href":"https:\/\/cotxesegonama.com\/index.php\/wp-json\/wp\/v2\/product\/1785\/revisions"}],"predecessor-version":[{"id":1796,"href":"https:\/\/cotxesegonama.com\/index.php\/wp-json\/wp\/v2\/product\/1785\/revisions\/1796"}],"wp:featuredmedia":[{"embeddable":true,"href":"https:\/\/cotxesegonama.com\/index.php\/wp-json\/wp\/v2\/media\/1787"}],"wp:attachment":[{"href":"https:\/\/cotxesegonama.com\/index.php\/wp-json\/wp\/v2\/media?parent=1785"}],"wp:term":[{"taxonomy":"product_cat","embeddable":true,"href":"https:\/\/cotxesegonama.com\/index.php\/wp-json\/wp\/v2\/product_cat?post=1785"},{"taxonomy":"product_tag","embeddable":true,"href":"https:\/\/cotxesegonama.com\/index.php\/wp-json\/wp\/v2\/product_tag?post=1785"}],"curies":[{"name":"wp","href":"https:\/\/api.w.org\/{rel}","templated":true}]}}